{"id":131,"date":"2021-06-14T12:39:03","date_gmt":"2021-06-14T10:39:03","guid":{"rendered":"http:\/\/ntsafack.com\/?page_id=131"},"modified":"2021-06-14T12:39:04","modified_gmt":"2021-06-14T10:39:04","slug":"statistiques","status":"publish","type":"page","link":"https:\/\/ntsafack.com\/index.php\/statistiques\/","title":{"rendered":"Statistiques"},"content":{"rendered":"\n<p>J&#8217;ai de l\u2019exp\u00e9rience en \u00e9cologie quantitative portant sur la mod\u00e9lisation et les statistiques spatiales (Par exemple, mes \u00e9tudes dans les \u00e9cosyst\u00e8mes des prairies chinoises impliquaient de tr\u00e8s grandes bases de donn\u00e9es de variables environnementales, de caract\u00e9ristiques des esp\u00e8ces, d&#8217;abondance, etc.). J\u2019ai \u00e9galement une bonne exp\u00e9rience sur des outils comme&nbsp;<strong>R, QGIS, ArcGIS<\/strong>.<\/p>\n\n\n\n<p>J\u2019ai utilis\u00e9 des algorithmes statistiques comme les mod\u00e8les lin\u00e9aires g\u00e9n\u00e9ralis\u00e9s (avec ou sans variable al\u00e9atoire&nbsp;<strong>GLM et GLMM<\/strong>), les mod\u00e8les additifs g\u00e9n\u00e9ralis\u00e9s (<strong>GAM<\/strong>) et les r\u00e9gressions des moindres carr\u00e9s partiels (<strong>PLS<\/strong>) pour comprendre la dynamique des populations d\u2019<em>H. armigera<\/em>&nbsp;et quantifier le r\u00f4le des pratiques agricoles et des facteurs paysagers sur les abondances d\u2019adultes<a href=\"https:\/\/noellinetsafack.blogspot.com\/p\/statistiques.html#_ftn1\">[1]<\/a>&nbsp;et de larves<a href=\"https:\/\/noellinetsafack.blogspot.com\/p\/statistiques.html#_ftn2\">[2]<\/a>&nbsp;dans les parcelles de cotonniers.&nbsp;<\/p>\n\n\n\n<p>J\u2019ai utilis\u00e9 une approche de r\u00e9gression bas\u00e9e sur le filtrage spatial des vecteurs propres (<strong>ESF<\/strong>&nbsp;eigenvector spatial filtering)<a href=\"https:\/\/noellinetsafack.blogspot.com\/p\/statistiques.html#_ftn3\">[3]<\/a>,<a href=\"https:\/\/noellinetsafack.blogspot.com\/p\/statistiques.html#_ftn4\">[4]<\/a>&nbsp;pour quantifier les effets des facteurs locaux et paysagers sur l\u2019abondance des carabes dans diff\u00e9rents types de steppes chinoises. Au cours de ce m\u00eame projet, j\u2019ai utilis\u00e9 des m\u00e9thodes de mod\u00e9lisations multivari\u00e9s comme l\u2019analyse canonique de correspondance (<strong>CCA<\/strong>) pour \u00e9tudier les d\u00e9terminants de la composition sp\u00e9cifique des communaut\u00e9s de carabes.&nbsp;<\/p>\n\n\n\n<p>En ce moment, je travaille sur l\u2019utilisation des mod\u00e8les de distribution d\u2019abondance des esp\u00e8ces (mod\u00e8les&nbsp;<strong>SAD<\/strong>). Les mod\u00e8les SAD permettent d\u2019\u00e9valuer rapidement la sant\u00e9 d\u2019un \u00e9cosyst\u00e8me en examinant la distribution des abondances des esp\u00e8ces de l\u2019\u00e9cosyst\u00e8me.<\/p>\n\n\n\n<p>&nbsp;Je fais une veille bibliographique sur d&#8217;autres approches comme:&nbsp;<\/p>\n\n\n\n<p>&#8211; Les mod\u00e8les graphistes probabilistes (r\u00e9seaux bay\u00e9siens et chaines de Markov)<\/p>\n\n\n\n<p>&#8211; Les mod\u00e8les m\u00e9canistes (bottom-up) qui permettent de comprendre le fonctionnement d&#8217;un syst\u00e8me.<br><\/p>\n\n\n\n<hr class=\"wp-block-separator\"\/>\n\n\n\n<p><a href=\"https:\/\/noellinetsafack.blogspot.com\/p\/statistiques.html#_ftnref1\">[1]<\/a>&nbsp;Tsafack et al. 2016. Pest Management Science.&nbsp;https:\/\/doi.org\/10.1002\/ps.4197<\/p>\n\n\n\n<p><a href=\"https:\/\/noellinetsafack.blogspot.com\/p\/statistiques.html#_ftnref2\">[2]<\/a>&nbsp;Tsafack et al. 2013. International Journal of Pest Management.&nbsp;http:\/\/dx.doi.org\/10.1080\/09670874.2013.852270<\/p>\n\n\n\n<p><a href=\"https:\/\/noellinetsafack.blogspot.com\/p\/statistiques.html#_ftnref3\">[3]<\/a>&nbsp;Murakami and Griffith. 2018. Geographical Analysis.&nbsp;https:\/\/doi.org\/10.1111\/gean.12156<\/p>\n\n\n\n<p><a href=\"https:\/\/noellinetsafack.blogspot.com\/p\/statistiques.html#_ftnref4\">[4]<\/a>&nbsp;Tsafack et al. 2019.&nbsp;PeerJ.&nbsp;http:\/\/dx.doi.org\/10.7717\/peerj.6197<\/p>\n","protected":false},"excerpt":{"rendered":"<p>J&#8217;ai de l\u2019exp\u00e9rience en \u00e9cologie quantitative portant sur la mod\u00e9lisation et les statistiques spatiales (Par exemple, mes \u00e9tudes dans les \u00e9cosyst\u00e8mes des prairies chinoises impliquaient &hellip;<\/p>\n","protected":false},"author":1,"featured_media":0,"parent":0,"menu_order":0,"comment_status":"closed","ping_status":"closed","template":"","meta":[],"_links":{"self":[{"href":"https:\/\/ntsafack.com\/index.php\/wp-json\/wp\/v2\/pages\/131"}],"collection":[{"href":"https:\/\/ntsafack.com\/index.php\/wp-json\/wp\/v2\/pages"}],"about":[{"href":"https:\/\/ntsafack.com\/index.php\/wp-json\/wp\/v2\/types\/page"}],"author":[{"embeddable":true,"href":"https:\/\/ntsafack.com\/index.php\/wp-json\/wp\/v2\/users\/1"}],"replies":[{"embeddable":true,"href":"https:\/\/ntsafack.com\/index.php\/wp-json\/wp\/v2\/comments?post=131"}],"version-history":[{"count":1,"href":"https:\/\/ntsafack.com\/index.php\/wp-json\/wp\/v2\/pages\/131\/revisions"}],"predecessor-version":[{"id":132,"href":"https:\/\/ntsafack.com\/index.php\/wp-json\/wp\/v2\/pages\/131\/revisions\/132"}],"wp:attachment":[{"href":"https:\/\/ntsafack.com\/index.php\/wp-json\/wp\/v2\/media?parent=131"}],"curies":[{"name":"wp","href":"https:\/\/api.w.org\/{rel}","templated":true}]}}