{"id":133,"date":"2021-06-14T12:39:55","date_gmt":"2021-06-14T10:39:55","guid":{"rendered":"http:\/\/ntsafack.com\/?page_id=133"},"modified":"2021-09-17T13:47:05","modified_gmt":"2021-09-17T11:47:05","slug":"competences","status":"publish","type":"page","link":"https:\/\/ntsafack.com\/index.php\/competences\/","title":{"rendered":"Comp\u00e9tences"},"content":{"rendered":"\n<p>Mon&nbsp;exp\u00e9rience m&#8217;a apport\u00e9&nbsp;des comp\u00e9tences solides pour initier, diriger et r\u00e9aliser des projets de recherche. Quelques points d\u00e9taill\u00e9s ci-dessous.<\/p>\n\n\n\n<ul><li>Des mod\u00e8les biologiques vari\u00e9s: insectes (L\u00e9pidopt\u00e8res &#8211; noctuelles pour la gestion des ravageurs; Col\u00e9opt\u00e8res\u00a0&#8211; Carabes et T\u00e9n\u00e9brionid\u00e9s dans le cadre de la conservation de la biodiversit\u00e9); bact\u00e9ries; plantes invasives.\u00a0<\/li><li>Des \u00e9cosyst\u00e8mes\u00a0vari\u00e9s: Steppes (steppes d\u00e9sertiques, prairiales et typiques sur Nord de la Chine); Agrosyst\u00e8mes (syst\u00e8mes de production de cotonniers Afrique de l&#8217;Ouest; Bocage et openfields Nord de la France); For\u00eats (for\u00eats des iles des A\u00e7ores).<\/li><li>\u00c9cologie quantitative:\u00a0 Mod\u00e9lisation et statistiques spatiales (environnement R et Python); Veille bibliographique sur les mod\u00e8les m\u00e9canistes avec l&#8217;utilisation de l&#8217;environnement OCELET.<\/li><li>Exp\u00e9rience pour monter des dossier de financements.<\/li><li>Recherche de collaborations.<\/li><\/ul>\n","protected":false},"excerpt":{"rendered":"<p>Mon&nbsp;exp\u00e9rience m&#8217;a apport\u00e9&nbsp;des comp\u00e9tences solides pour initier, diriger et r\u00e9aliser des projets de recherche. Quelques points d\u00e9taill\u00e9s ci-dessous. Des mod\u00e8les biologiques vari\u00e9s: insectes (L\u00e9pidopt\u00e8res &#8211; &hellip;<\/p>\n","protected":false},"author":1,"featured_media":0,"parent":0,"menu_order":0,"comment_status":"closed","ping_status":"closed","template":"","meta":[],"_links":{"self":[{"href":"https:\/\/ntsafack.com\/index.php\/wp-json\/wp\/v2\/pages\/133"}],"collection":[{"href":"https:\/\/ntsafack.com\/index.php\/wp-json\/wp\/v2\/pages"}],"about":[{"href":"https:\/\/ntsafack.com\/index.php\/wp-json\/wp\/v2\/types\/page"}],"author":[{"embeddable":true,"href":"https:\/\/ntsafack.com\/index.php\/wp-json\/wp\/v2\/users\/1"}],"replies":[{"embeddable":true,"href":"https:\/\/ntsafack.com\/index.php\/wp-json\/wp\/v2\/comments?post=133"}],"version-history":[{"count":2,"href":"https:\/\/ntsafack.com\/index.php\/wp-json\/wp\/v2\/pages\/133\/revisions"}],"predecessor-version":[{"id":332,"href":"https:\/\/ntsafack.com\/index.php\/wp-json\/wp\/v2\/pages\/133\/revisions\/332"}],"wp:attachment":[{"href":"https:\/\/ntsafack.com\/index.php\/wp-json\/wp\/v2\/media?parent=133"}],"curies":[{"name":"wp","href":"https:\/\/api.w.org\/{rel}","templated":true}]}}